. Let p be y*(15*2)/1. List the prime factors of 148/(-10)*p/(-12).
37
Suppose 0 = -6*l + 2207 - 473. What are the prime factors of l?
17
Suppose -4*b + 4*l = -2412, -251 = 3*b - 5*l - 2068. Let y = -361 + b. List the prime factors of y.
2, 7, 17
Suppose 0 = 27*x + 26*x - 57823. What are the prime factors of x?
1091
Suppose 2*y - 7*y = 5*i - 15, -4*y + 8 = 2*i. Suppose -i*h = -3*c + 7*c - 46, -h = 3*c - 22. Suppose -2 = -x + h. What are the prime factors of x?
3
Suppose 3*h = -6*h + 2493. List the prime factors of h.
277
Let t = 211 + -113. What are the prime factors of 4 + -6 - (2 - t)?
2, 47
Let g(s) = 7*s - 83. Let h(j) = -2*j + 28. Let r(a) = -3*g(a) - 8*h(a). What are the prime factors of r(-9)?
2, 5, 7
What are the prime factors of ((-225)/10)/(1*5/(-110))?
3, 5, 11
Let l(y) = -2*y**2 - 2*y - 16. Let w be l(-3). List the prime factors of ((-2988)/w - 6) + (-4)/(-14).
101
Let h = 818 + 285. What are the prime factors of h?
1103
Suppose 3*w + 1454 = 2*j - 2119, 2*j = -4*w + 3594. List the prime factors of j.
3, 199
Suppose 5*q = -0*f + 2*f - 1563, 3*f - 2340 = 3*q. Suppose -4*s + 3*t = -783, -s = -5*s - t + f. What are the prime factors of s?
3, 5, 13
Let n(c) = -10*c - 7. Let o = 33 + -40. What are the prime factors of n(o)?
3, 7
Let f = 2568 - -661. List the prime factors of f.
3229
Let q = 394 + -196. What are the prime factors of q?
2, 3, 11
Let g(u) = -2 + 0 - 2 + 2 + u. Let w be g(6). What are the prime factors of (-3 - -9)*6/w?
3
Suppose -5*d = 4*a - 10*d - 212, a + 3*d - 53 = 0. List the prime factors of (-1 + a)/(7/21).
2, 3, 13
Let z be (7 + -1)/((-15)/220). Suppose 116 = 4*r - 404. Let q = z + r. List the prime factors of q.
2, 3, 7
Let o(f) = 3*f**2 + 15*f + 25. Suppose -3*l = -g - 25, -5*g = -2*l + 66 - 6. What are the prime factors of o(g)?
5, 7
Let t(o) = 3*o**2 - 4*o + 2. Suppose l - 4 = -2. Suppose -4*a - 4*z - 12 = 0, -l*z + 3 = 4*a - z. List the prime factors of t(a).
2, 3
Let u(f) = 2*f**2 - 10*f + 5. Let j = -12 + 17. Let c be u(j). Suppose -96 = -c*g + 59. List the prime factors of g.
31
List the prime factors of (103*(-1)/3)/((-236)/3540).
5, 103
Let m be 36/(-27)*(-6)/4. Let s be 3/2*(2 - 0). Suppose s*b - m - 4 = 0. List the prime factors of b.
2
Let j be ((-27)/(-4) - 1)/(23/460). Let h = j + -74. List the prime factors of h.
41
Suppose -5*v - 535 = -2*j - 3*j, -v + 2 = 0. Suppose 5*t = 4*t + j. List the prime factors of t.
109
Let u be ((-2)/4)/((-3)/(-6)). Let d be u - (0 + 1 + -5). Suppose -5*z = g + 8, 0*z - d*z - 16 = -g. What are the prime factors of g?
7
Let d(m) = 1 + m - 2 + 0. Let q be d(7). Let s(r) = -r**3 + 5*r**2 + 6*r + 3. What are the prime factors of s(q)?
3
Let m be 20/(-15)*(1 - -2) - -1. What are the prime factors of (17/m)/(-2*2/168)?
2, 7, 17
Let j(t) be the third derivative of t**6/120 + 13*t**5/60 + t**4/24 - 7*t**3/3 - t**2. What are the prime factors of j(-11)?
7, 31
Let c = -96 + 30. What are the prime factors of 4/(-1) + (-11 - c)?
3, 17
Suppose 2*b = 2084 - 794. Suppose -b = -9*o + 3. List the prime factors of o.
2, 3
Let h be (6*-45)/(6/4). Let v = h + 354. Suppose -3*x = 3*x - v. List the prime factors of x.
29
Suppose 23810 = 17*l + 282. List the prime factors of l.
2, 173
Let k(w) be the second derivative of -w**4/12 - 11*w**3/3 + 5*w**2 - 41*w. List the prime factors of k(-12).
2, 5, 13
Let a(n) = 42*n**2 - 12*n - 19. List the prime factors of a(-4).
701
Let f(l) = l**2 - 12*l - 13. Let n be f(13). Suppose 2*i + 8 - 4 = n. List the prime factors of i/(((-50)/295)/5).
59
Let u be (0/((-8)/(-4)))/(-1). Suppose 5*n + 2*y + 94 = 0, 3*n - n - 2*y + 46 = 0. Let p = u - n. List the prime factors of p.
2, 5
Let k(x) = x**2 + 6*x + 21. What are the prime factors of k(6)?
3, 31
Let m be (1 + 2)*4/3. Let q be 1/m - (-11)/4. Suppose 124 - 28 = q*y. What are the prime factors of y?
2
Let l(p) = 56*p**2 - 5*p + 161. List the prime factors of l(-8).
5, 757
What are the prime factors of -149*(-21 - (-6 + 2))?
17, 149
Let u(b) be the first derivative of b**4/4 - b**3/3 + b**2/2 - 2*b - 3. Let t = 1 + 1. List the prime factors of u(t).
2
Suppose -3 = -5*r - 43. List the prime factors of 1/2 - 580/r.
73
Let q = 26 - 24. List the prime factors of 172/q + 6/2.
89
Suppose 5*w - 1750 = -5*x, -5*x = -w + 195 + 185. List the prime factors of w.
5, 71
Suppose 0 = 2*y - s + 37, 5*y - 4*s + 61 + 33 = 0. Let k = -864 + 1570. List the prime factors of 4/y - k/(-18).
3, 13
Suppose -o - o + 3 = -3*h, 2*o - 4 = 2*h. Let m be (8/6)/(2/o). What are the prime factors of 320/15 + m/3?
2, 11
Suppose 0*f = -f + 300. What are the prime factors of f?
2, 3, 5
Suppose -3*l + 4*l - 2711 = -4*p, 4*p - 2696 = 4*l. What are the prime factors of p?
677
Let j(i) = -i + 1. Let c be j(-3). Let s be (10/15)/(c/690). Suppose -a = 5*k + 2*a - s, -5*k + 5*a + 75 = 0. What are the prime factors of k?
2, 5
Let z(q) = 309*q - 4 - 5 - 315*q. Suppose -3*p - 6 = -2*p. What are the prime factors of z(p)?
3
Suppose 15*j - 6872 = 7*j. What are the prime factors of j?
859
Let y(c) = 16*c + 8. Let x be y(7). Let f = -9 - -12. Suppose -i + x = f*i. What are the prime factors of i?
2, 3, 5
Let z = 134 + -74. Suppose -2*w - h + 184 = 4*h, -2*w - h + 192 = 0. Let s = w - z. What are the prime factors of s?
37
Let s be ((-32)/10)/((-9)/(-45)). What are the prime factors of (-3)/4 + ((-1644)/s - 3)?
3, 11
Suppose -3*z + 1564 - 451 = 0. What are the prime factors of z?
7, 53
Let a be 2*5*(-27)/(-45). Let x be (-45)/30*(-16)/a. What are the prime factors of (1 + -17)/x - -20?
2
Let l(m) = 77 + 82 + 19*m**2 + 12*m - 196 - m**3. List the prime factors of l(19).
191
Suppose 0 = 23*o - 21*o - 6. Suppose -2*c - 3*c + 435 = o*k, k = 5*c + 165. List the prime factors of k.
2, 3, 5
Let g be ((-30)/9 + -4)*36/(-2). Suppose 0 = -2*c + 2*m + g, -3*c + 54 = -4*m - 147. What are the prime factors of c?
3, 7
Let z = -550 + 645. List the prime factors of z.
5, 19
Let p be (2 + (0 - 1))*(7 + -161). What are the prime factors of (4 - p)*(-2)/(-4)?
79
Let u(v) = 20*v + 8. Suppose 9 = 5*n - 1. List the prime factors of u(n).
2, 3
Suppose -3 - 4 = -l. Suppose 2*f + 28 = -4*r, -f + l = -3*r - 4. Let z = f - -36. List the prime factors of z.
2
Suppose -7*i + 12 = -5*i. What are the prime factors of 12/((-4)/(-1))*496/i?
2, 31
Suppose 4*l = 4*x + 216, -4*l = -2*l + 3*x - 88. Suppose 0 = 6*q + 2 - 92. Suppose -g = 2*g + q, -2*a = 2*g - l. What are the prime factors of a?
2, 3, 5
Let k = -19 - 1. Suppose 191*p - 184*p = 259. Let n = p + k. List the prime factors of n.
17
Let k(z) be the second derivative of -5/6*z**3 + 3*z + 0 - 1/12*z**4 + z**2. List the prime factors of k(-4).
2, 3
Let d = 8 - 8. Suppose -4*n - 13 - 59 = d. List the prime factors of 7/(2/n*-3).
3, 7
Let o = -20 + 48. Suppose -7*i + 3*i = o. Let n(f) = -5*f - 10. List the prime factors of n(i).
5
Let n = -37 + 159. List the prime factors of n.
2, 61
Let b(n) = n**3 - 18*n**2 - 3*n + 71. What are the prime factors of b(19)?
3, 5
What are the prime factors of 15*(2 + -1)/((-6)/(-4))?
2, 5
Let b = 155 + 91. What are the prime factors of b?
2, 3, 41
Suppose 4*t = -g + 10385, 0 = 18*t - 20*t - g + 5195. List the prime factors of t.
3, 5, 173
Suppose -4*q = -f - 7491, -3*q - 3750 = -5*q + 2*f. List the prime factors of q.
2, 3, 13
Suppose 2*o - 3*j + 25 = 0, 6*o - 2*o - 5 = -5*j. Let y(p) = -p**3 + 2*p**2 - 1. What are the prime factors of y(o)?
2, 3, 29
Let i = -1 - 3. Let v = i + 8. List the prime factors of (9/18)/(1/v).
2
Suppose -38*a + 29*a = -15201. What are the prime factors of a?
3, 563
Let g(d) = -d**2 + 3*d - 4. Let x be g(2). Let u = x - -6. Suppose -u*y + 135 = -y. List the prime factors of y.
3, 5
Suppose -3*u = -3, 6*s = 2*s - 5*u + 953. What are the prime factors of s?
3, 79
Let c = 8354 - 2649. What are the prime factors of c?
5, 7, 163
Suppose -3*z = -2*t + 1702, 2*z = -7*t + 2*t + 4274. List the prime factors of t.
2, 7, 61
Suppose -2*a = -w + 11, 3*w = -a - a - 7. List the prime factors of a/3*(-6)/5.
2
Suppose -3*n - 15*r + 18*r = 90, 5*r = -n - 30. Suppose 256 = -2*k - 2*k. Let g = n - k. What are the prime factors of g?
2, 17
Let z = -8 + 18. Suppose 0 = y - 28 - z. List the prime factors of y.
2, 19
Suppose 446 + 1306 = 3*x - 3*y, 5*y = -5. What are the prime factors of x?
11, 53
Let t(r